{"id":279,"date":"2023-04-16T16:16:44","date_gmt":"2023-04-16T13:16:44","guid":{"rendered":"https:\/\/evalacati.com\/?page_id=279"},"modified":"2024-05-13T22:59:52","modified_gmt":"2024-05-13T19:59:52","slug":"evini-kirala","status":"publish","type":"page","link":"https:\/\/evalacati.com\/index.php\/evini-kirala\/","title":{"rendered":"EV\u0130N\u0130 K\u0130RALA"},"content":{"rendered":"<div class=\"wp-block-image\">\n<figure class=\"alignleft size-full is-resized\"><img loading=\"lazy\" decoding=\"async\" width=\"480\" height=\"640\" data-attachment-id=\"937\" data-permalink=\"https:\/\/evalacati.com\/index.php\/accommodation\/villa-harnup\/evalacati-villa-harnup-61\/\" data-orig-file=\"https:\/\/evalacati.com\/wp-content\/uploads\/2017\/06\/evalacati-villa-harnup-61.jpg\" data-orig-size=\"480,640\" data-comments-opened=\"1\" data-image-meta=\"{&quot;aperture&quot;:&quot;0&quot;,&quot;credit&quot;:&quot;&quot;,&quot;camera&quot;:&quot;&quot;,&quot;caption&quot;:&quot;&quot;,&quot;created_timestamp&quot;:&quot;0&quot;,&quot;copyright&quot;:&quot;&quot;,&quot;focal_length&quot;:&quot;0&quot;,&quot;iso&quot;:&quot;0&quot;,&quot;shutter_speed&quot;:&quot;0&quot;,&quot;title&quot;:&quot;&quot;,&quot;orientation&quot;:&quot;0&quot;}\" data-image-title=\"evala\u00e7at\u0131-villa-harnup-61\" data-image-description=\"\" data-image-caption=\"\" data-medium-file=\"https:\/\/evalacati.com\/wp-content\/uploads\/2017\/06\/evalacati-villa-harnup-61-225x300.jpg\" data-large-file=\"https:\/\/evalacati.com\/wp-content\/uploads\/2017\/06\/evalacati-villa-harnup-61.jpg\" src=\"https:\/\/evalacati.com\/wp-content\/uploads\/2017\/06\/evalacati-villa-harnup-61.jpg\" alt=\"\" class=\"wp-image-937\" style=\"width:486px;height:647px\" srcset=\"https:\/\/evalacati.com\/wp-content\/uploads\/2017\/06\/evalacati-villa-harnup-61.jpg 480w, https:\/\/evalacati.com\/wp-content\/uploads\/2017\/06\/evalacati-villa-harnup-61-225x300.jpg 225w, https:\/\/evalacati.com\/wp-content\/uploads\/2017\/06\/evalacati-villa-harnup-61-464x618.jpg 464w\" sizes=\"auto, (max-width: 480px) 100vw, 480px\" \/><\/figure>\n<\/div>\n\n\n<p><\/p>\n\n\n\n<p class=\"has-medium-font-size\">Evinizin d\u00fczenli bir sistemde kiralanmas\u0131 i\u00e7in, Evala\u00e7at\u0131&#8217;n\u0131n ev sahiplerine sundu\u011fu f\u0131rsatlardan yararlanabilirsiniz.<\/p>\n\n\n\n<p class=\"has-medium-font-size\">Ev kiralama sisteminde d\u00fczenli olduk\u00e7a \u00f6nemlidir. Evala\u00e7at\u0131, sizin yerinize misafirlerinizin giri\u015f \u00e7\u0131k\u0131\u015flar\u0131n\u0131, ihtiya\u00e7lar\u0131n\u0131 ve gereken d\u00fczenlemeyi ev sahiplerine sunarak, m\u00fclk\u00fcn\u00fcz\u00fcn en iyi \u015fekilde de\u011ferlendirilmesini sa\u011flar.<\/p>\n\n\n\n<p class=\"has-medium-font-size\">Size uygun se\u00e7eneklerimizle, kendinize uygun olan kampanyalar\u0131m\u0131z\u0131 de\u011ferlendirerek, bu hizmetimizden yararlanabilirsiniz.<\/p>\n\n\n\n<div class=\"wp-block-jetpack-send-a-message\">\n<div class=\"wp-block-jetpack-whatsapp-button is-color-dark\"><a class=\"whatsapp-block__button\" href=\"https:\/\/api.whatsapp.com\/send?phone=905010992330&amp;text=Merhaba%2C%20WhatsApp%20bilgilerinizi%20web%20sitenizden%20ald%C4%B1m.\" style=\"background-color:#25D366;color:#fff\" target=\"_self\" rel=\"noopener noreferrer\">Bize WhatsApp&#8217;tan ula\u015fabilirsiniz<\/a><\/div>\n<\/div>\n","protected":false},"excerpt":{"rendered":"<p>Evinizin d\u00fczenli bir sistemde kiralanmas\u0131 i\u00e7in, Evala\u00e7at\u0131&#8217;n\u0131n ev sahiplerine sundu\u011fu f\u0131rsatlardan yararlanabilirsiniz. Ev kiralama sisteminde d\u00fczenli olduk\u00e7a \u00f6nemlidir. Evala\u00e7at\u0131, sizin yerinize misafirlerinizin giri\u015f \u00e7\u0131k\u0131\u015flar\u0131n\u0131, ihtiya\u00e7lar\u0131n\u0131 ve gereken d\u00fczenlemeyi ev sahiplerine sunarak, m\u00fclk\u00fcn\u00fcz\u00fcn en iyi \u015fekilde de\u011ferlendirilmesini sa\u011flar. Size uygun se\u00e7eneklerimizle, kendinize uygun olan kampanyalar\u0131m\u0131z\u0131 de\u011ferlendirerek, bu hizmetimizden yararlanabilirsiniz.<\/p>\n","protected":false},"author":3,"featured_media":0,"parent":0,"menu_order":0,"comment_status":"closed","ping_status":"closed","template":"","meta":{"inline_featured_image":false,"footnotes":""},"class_list":["post-279","page","type-page","status-publish","hentry"],"jetpack_sharing_enabled":true,"_links":{"self":[{"href":"https:\/\/evalacati.com\/index.php\/wp-json\/wp\/v2\/pages\/279","targetHints":{"allow":["GET"]}}],"collection":[{"href":"https:\/\/evalacati.com\/index.php\/wp-json\/wp\/v2\/pages"}],"about":[{"href":"https:\/\/evalacati.com\/index.php\/wp-json\/wp\/v2\/types\/page"}],"author":[{"embeddable":true,"href":"https:\/\/evalacati.com\/index.php\/wp-json\/wp\/v2\/users\/3"}],"replies":[{"embeddable":true,"href":"https:\/\/evalacati.com\/index.php\/wp-json\/wp\/v2\/comments?post=279"}],"version-history":[{"count":8,"href":"https:\/\/evalacati.com\/index.php\/wp-json\/wp\/v2\/pages\/279\/revisions"}],"predecessor-version":[{"id":968,"href":"https:\/\/evalacati.com\/index.php\/wp-json\/wp\/v2\/pages\/279\/revisions\/968"}],"wp:attachment":[{"href":"https:\/\/evalacati.com\/index.php\/wp-json\/wp\/v2\/media?parent=279"}],"curies":[{"name":"wp","href":"https:\/\/api.w.org\/{rel}","templated":true}]}}